{"id":243,"date":"2025-12-20T13:59:01","date_gmt":"2025-12-20T12:59:01","guid":{"rendered":"https:\/\/education-freinet-emancipation.org\/?page_id=243"},"modified":"2026-01-05T19:33:08","modified_gmt":"2026-01-05T18:33:08","slug":"construire-ensemble-des-savoirs-en-situation-inattendue","status":"publish","type":"page","link":"https:\/\/education-freinet-emancipation.org\/index.php\/priorite-a-la-vie-moments-vecus-en-classe\/construire-ensemble-des-savoirs-en-situation-inattendue\/","title":{"rendered":"Construire ensemble des savoirs en situation inattendue"},"content":{"rendered":"<div id=\"pl-243\"  class=\"panel-layout\" ><div id=\"pg-243-0\"  class=\"panel-grid panel-no-style\" ><div id=\"pgc-243-0-0\"  class=\"panel-grid-cell panel-grid-cell-empty\" ><\/div><div id=\"pgc-243-0-1\"  class=\"panel-grid-cell panel-grid-cell-mobile-last\" ><div id=\"panel-243-0-1-0\" class=\"so-panel widget widget_sow-editor panel-first-child panel-last-child\" data-index=\"0\" ><div\n\t\t\t\n\t\t\tclass=\"so-widget-sow-editor so-widget-sow-editor-base\"\n\t\t\t\n\t\t>\n<div class=\"siteorigin-widget-tinymce textwidget\">\n\t<p align=\"justify\"><b>Juliette, classe de CP-CE1 (6-7 ans) - le 19 d\u00e9cembre\u00a0<\/b><\/p>\n<p align=\"justify\">\u00c0 l\u2019atelier construction, 3 enfants ont r\u00e9alis\u00e9 un quartier avec un zoo, un v\u00e9t\u00e9rinaire, un restaurant et ils ont pr\u00e9vu 3 places de garage pour des voitures. Mais il n\u2019y a qu\u2019une petite voiture dans le mat\u00e9riel. Du placard, je sors alors quelques animaux qui restaient en r\u00e9serve\u00a0: ce sont 3 chevaux, qui sont aussit\u00f4t install\u00e9s dans les places de garage par \u00c9glantine, CE1, qui est cavali\u00e8re. Mais Nino, CE1, proteste\u00a0: \u00ab\u00a0Ces emplacements, ils sont pour des voitures\u00a0!\u00a0\u00bb Je r\u00e9ponds\u00a0: \u00ab\u00a0Bah, avant, les chevaux servaient de v\u00e9hicules, alors c\u2019est un peu l\u2019\u00e9quivalent d\u2019une voiture, un cheval\u00a0!\u00a0\u00bb \u00c9tonnement de Nino\u00a0qui demande confirmation \u00e0 \u00c9glantine. Elle confirme\u00a0: \u00ab\u00a0Ben oui, avant il y avait des charrettes et c\u2019\u00e9tait les chevaux qui les tiraient\u00a0!\u00a0\u00bb Nino dig\u00e8re l\u2019information, puis il l\u2019approuve\u00a0: \u00ab\u00a0Ah ben oui, c\u2019est vrai \u00e7a\u00a0!\u00a0\u00bb Ouf, les chevaux peuvent rester dans leur stalle\u2026<\/p>\n<p align=\"justify\"><i>Du parking \u00e0 l\u2019\u00e9curie, tout un pan de l\u2019histoire humaine et technique vient potentiellement de s\u2019ouvrir pour lui. Ce ne sont que quelques secondes de m\u00e9thode naturelle dans le flux d\u2019une vie de classe coop\u00e9rative, moins d\u2019une minute. Mais elle t\u00e9moigne de la circulation de la culture et de la pens\u00e9e, de la possibilit\u00e9 de construire ensemble des savoirs, en contexte vivant, en situation inattendue. Ce court \u00e9change a en effet eu lieu au moment de sortir de l\u2019atelier pour aller \u00e0 la cantine, \u00e0 un moment o\u00f9 d\u2019ordinaire on estime que la classe est finie. <\/i><\/p>\n<p align=\"justify\"><img loading=\"lazy\" decoding=\"async\" class=\"size-medium wp-image-312 aligncenter\" src=\"https:\/\/education-freinet-emancipation.org\/wp-content\/uploads\/2026\/01\/anecdote01texte-300x225.jpg\" alt=\"\" width=\"300\" height=\"225\" srcset=\"https:\/\/education-freinet-emancipation.org\/wp-content\/uploads\/2026\/01\/anecdote01texte-300x225.jpg 300w, https:\/\/education-freinet-emancipation.org\/wp-content\/uploads\/2026\/01\/anecdote01texte-1024x768.jpg 1024w, https:\/\/education-freinet-emancipation.org\/wp-content\/uploads\/2026\/01\/anecdote01texte-768x576.jpg 768w, https:\/\/education-freinet-emancipation.org\/wp-content\/uploads\/2026\/01\/anecdote01texte.jpg 1050w\" sizes=\"auto, (max-width: 300px) 100vw, 300px\" \/><\/p>\n<p align=\"justify\">\n<p align=\"center\">En haut \u00e0 gauche, les 3 stalles,<br \/>\ninitialement pr\u00e9vues comme places de parking<\/p>\n<\/div>\n<\/div><\/div><\/div><div id=\"pgc-243-0-2\"  class=\"panel-grid-cell panel-grid-cell-empty\" ><\/div><\/div><\/div>","protected":false},"excerpt":{"rendered":"<p>Juliette, classe de CP-CE1 (6-7 ans) &#8211; le 19 d\u00e9cembre\u00a0 \u00c0 l\u2019atelier construction, 3 enfants ont r\u00e9alis\u00e9 un quartier avec un zoo, un v\u00e9t\u00e9rinaire, un restaurant et ils ont pr\u00e9vu 3 places de garage pour des voitures. Mais il n\u2019y a qu\u2019une petite voiture dans le mat\u00e9riel. Du placard, je sors alors quelques animaux qui [&hellip;]<\/p>","protected":false},"author":1,"featured_media":0,"parent":247,"menu_order":0,"comment_status":"closed","ping_status":"closed","template":"","meta":{"footnotes":""},"class_list":["post-243","page","type-page","status-publish","czr-hentry"],"_links":{"self":[{"href":"https:\/\/education-freinet-emancipation.org\/index.php\/wp-json\/wp\/v2\/pages\/243","targetHints":{"allow":["GET"]}}],"collection":[{"href":"https:\/\/education-freinet-emancipation.org\/index.php\/wp-json\/wp\/v2\/pages"}],"about":[{"href":"https:\/\/education-freinet-emancipation.org\/index.php\/wp-json\/wp\/v2\/types\/page"}],"author":[{"embeddable":true,"href":"https:\/\/education-freinet-emancipation.org\/index.php\/wp-json\/wp\/v2\/users\/1"}],"replies":[{"embeddable":true,"href":"https:\/\/education-freinet-emancipation.org\/index.php\/wp-json\/wp\/v2\/comments?post=243"}],"version-history":[{"count":4,"href":"https:\/\/education-freinet-emancipation.org\/index.php\/wp-json\/wp\/v2\/pages\/243\/revisions"}],"predecessor-version":[{"id":313,"href":"https:\/\/education-freinet-emancipation.org\/index.php\/wp-json\/wp\/v2\/pages\/243\/revisions\/313"}],"up":[{"embeddable":true,"href":"https:\/\/education-freinet-emancipation.org\/index.php\/wp-json\/wp\/v2\/pages\/247"}],"wp:attachment":[{"href":"https:\/\/education-freinet-emancipation.org\/index.php\/wp-json\/wp\/v2\/media?parent=243"}],"curies":[{"name":"wp","href":"https:\/\/api.w.org\/{rel}","templated":true}]}}