{"id":247,"date":"2025-12-20T14:09:29","date_gmt":"2025-12-20T13:09:29","guid":{"rendered":"https:\/\/education-freinet-emancipation.org\/?page_id=247"},"modified":"2026-02-10T13:23:17","modified_gmt":"2026-02-10T12:23:17","slug":"priorite-a-la-vie-moments-vecus-en-classe","status":"publish","type":"page","link":"https:\/\/education-freinet-emancipation.org\/index.php\/priorite-a-la-vie-moments-vecus-en-classe\/","title":{"rendered":"Priorit\u00e9 \u00e0 la vie-Moments v\u00e9cus en classe"},"content":{"rendered":"<div id=\"pl-247\"  class=\"panel-layout\" ><div id=\"pg-247-0\"  class=\"panel-grid panel-no-style\" ><div id=\"pgc-247-0-0\"  class=\"panel-grid-cell\" ><div id=\"panel-247-0-0-0\" class=\"so-panel widget widget_sow-image panel-first-child\" data-index=\"0\" ><div\n\t\t\t\n\t\t\tclass=\"so-widget-sow-image so-widget-sow-image-default-9349dd33cac8-247\"\n\t\t\t\n\t\t>\n<div class=\"sow-image-container\">\n\t\t\t<a href=\"https:\/\/education-freinet-emancipation.org\/index.php\/priorite-a-la-vie-moments-vecus-en-classe\/construire-ensemble-des-savoirs-en-situation-inattendue\/\"\n\t\t\t\t\t>\n\t\t\t<img \n\tsrc=\"https:\/\/education-freinet-emancipation.org\/wp-content\/uploads\/2026\/01\/anecdote01.jpg\" width=\"360\" height=\"360\" srcset=\"https:\/\/education-freinet-emancipation.org\/wp-content\/uploads\/2026\/01\/anecdote01.jpg 360w, https:\/\/education-freinet-emancipation.org\/wp-content\/uploads\/2026\/01\/anecdote01-300x300.jpg 300w, https:\/\/education-freinet-emancipation.org\/wp-content\/uploads\/2026\/01\/anecdote01-150x150.jpg 150w\" sizes=\"(max-width: 360px) 100vw, 360px\" alt=\"\" \t\tclass=\"so-widget-image\"\/>\n\t\t\t<\/a><\/div>\n\n<\/div><\/div><div id=\"panel-247-0-0-1\" class=\"so-panel widget widget_sow-editor panel-last-child\" data-index=\"1\" ><div\n\t\t\t\n\t\t\tclass=\"so-widget-sow-editor so-widget-sow-editor-base\"\n\t\t\t\n\t\t>\n<div class=\"siteorigin-widget-tinymce textwidget\">\n\t<h5 style=\"text-align: center;\"><span style=\"color: #981be5;\">Construire ensemble des savoirs en situation inattendue<\/span><\/h5>\n<\/div>\n<\/div><\/div><\/div><div id=\"pgc-247-0-1\"  class=\"panel-grid-cell\" ><div id=\"panel-247-0-1-0\" class=\"so-panel widget widget_sow-image panel-first-child\" data-index=\"2\" ><div\n\t\t\t\n\t\t\tclass=\"so-widget-sow-image so-widget-sow-image-default-9349dd33cac8-247\"\n\t\t\t\n\t\t>\n<div class=\"sow-image-container\">\n\t\t\t<a href=\"https:\/\/education-freinet-emancipation.org\/index.php\/priorite-a-la-vie-moments-vecus-en-classe\/laccroche-affective-dans-les-apprentissages\/\"\n\t\t\t\t\t>\n\t\t\t<img \n\tsrc=\"https:\/\/education-freinet-emancipation.org\/wp-content\/uploads\/2026\/01\/anecdote02.jpg\" width=\"360\" height=\"360\" srcset=\"https:\/\/education-freinet-emancipation.org\/wp-content\/uploads\/2026\/01\/anecdote02.jpg 360w, https:\/\/education-freinet-emancipation.org\/wp-content\/uploads\/2026\/01\/anecdote02-300x300.jpg 300w, https:\/\/education-freinet-emancipation.org\/wp-content\/uploads\/2026\/01\/anecdote02-150x150.jpg 150w\" sizes=\"(max-width: 360px) 100vw, 360px\" alt=\"\" \t\tclass=\"so-widget-image\"\/>\n\t\t\t<\/a><\/div>\n\n<\/div><\/div><div id=\"panel-247-0-1-1\" class=\"so-panel widget widget_sow-editor panel-last-child\" data-index=\"3\" ><div\n\t\t\t\n\t\t\tclass=\"so-widget-sow-editor so-widget-sow-editor-base\"\n\t\t\t\n\t\t>\n<div class=\"siteorigin-widget-tinymce textwidget\">\n\t<h5 style=\"text-align: center;\"><span style=\"color: #981be5;\">L'accroche affective<br \/>\ndans les apprentissages<\/span><\/h5>\n<p>&nbsp;<\/p>\n<\/div>\n<\/div><\/div><\/div><div id=\"pgc-247-0-2\"  class=\"panel-grid-cell\" ><div id=\"panel-247-0-2-0\" class=\"so-panel widget widget_sow-image panel-first-child\" data-index=\"4\" ><div\n\t\t\t\n\t\t\tclass=\"so-widget-sow-image so-widget-sow-image-default-6c6328c87dc7-247\"\n\t\t\t\n\t\t>\n<div class=\"sow-image-container\">\n\t\t\t<a href=\"https:\/\/education-freinet-emancipation.org\/index.php\/priorite-a-la-vie-moments-vecus-en-classe\/un-debat-improvise\/\"\n\t\t\t\t\t>\n\t\t\t<img \n\tsrc=\"https:\/\/education-freinet-emancipation.org\/wp-content\/uploads\/2026\/01\/anectote03.jpg\" width=\"360\" height=\"360\" srcset=\"https:\/\/education-freinet-emancipation.org\/wp-content\/uploads\/2026\/01\/anectote03.jpg 360w, https:\/\/education-freinet-emancipation.org\/wp-content\/uploads\/2026\/01\/anectote03-300x300.jpg 300w, https:\/\/education-freinet-emancipation.org\/wp-content\/uploads\/2026\/01\/anectote03-150x150.jpg 150w\" sizes=\"(max-width: 360px) 100vw, 360px\" alt=\"\" \t\tclass=\"so-widget-image\"\/>\n\t\t\t<\/a><\/div>\n\n<\/div><\/div><div id=\"panel-247-0-2-1\" class=\"so-panel widget widget_sow-editor panel-last-child\" data-index=\"5\" ><div\n\t\t\t\n\t\t\tclass=\"so-widget-sow-editor so-widget-sow-editor-base\"\n\t\t\t\n\t\t>\n<div class=\"siteorigin-widget-tinymce textwidget\">\n\t<h5 style=\"text-align: center;\"><span style=\"color: #981be5;\">Un d\u00e9bat improvis\u00e9<\/span><\/h5>\n<p>&nbsp;<\/p>\n<\/div>\n<\/div><\/div><\/div><div id=\"pgc-247-0-3\"  class=\"panel-grid-cell\" ><div id=\"panel-247-0-3-0\" class=\"so-panel widget widget_sow-image panel-first-child\" data-index=\"6\" ><div\n\t\t\t\n\t\t\tclass=\"so-widget-sow-image so-widget-sow-image-default-9349dd33cac8-247\"\n\t\t\t\n\t\t>\n<div class=\"sow-image-container\">\n\t\t\t<a href=\"https:\/\/education-freinet-emancipation.org\/index.php\/priorite-a-la-vie-moments-vecus-en-classe\/un-escargot-dans-loreille\/\"\n\t\t\t\t\t>\n\t\t\t<img \n\tsrc=\"https:\/\/education-freinet-emancipation.org\/wp-content\/uploads\/2026\/01\/anecdote04bis.jpg\" width=\"360\" height=\"360\" srcset=\"https:\/\/education-freinet-emancipation.org\/wp-content\/uploads\/2026\/01\/anecdote04bis.jpg 360w, https:\/\/education-freinet-emancipation.org\/wp-content\/uploads\/2026\/01\/anecdote04bis-300x300.jpg 300w, https:\/\/education-freinet-emancipation.org\/wp-content\/uploads\/2026\/01\/anecdote04bis-150x150.jpg 150w\" sizes=\"(max-width: 360px) 100vw, 360px\" alt=\"\" \t\tclass=\"so-widget-image\"\/>\n\t\t\t<\/a><\/div>\n\n<\/div><\/div><div id=\"panel-247-0-3-1\" class=\"so-panel widget widget_sow-editor panel-last-child\" data-index=\"7\" ><div\n\t\t\t\n\t\t\tclass=\"so-widget-sow-editor so-widget-sow-editor-base\"\n\t\t\t\n\t\t>\n<div class=\"siteorigin-widget-tinymce textwidget\">\n\t<h5 style=\"text-align: center;\"><span style=\"color: #981be5;\">Un escargot<br \/>\n<\/span><span style=\"color: #981be5;\">dans l'oreille&nbsp;?<\/span><\/h5>\n<p>&nbsp;<\/p>\n<\/div>\n<\/div><\/div><\/div><div id=\"pgc-247-0-4\"  class=\"panel-grid-cell\" ><div id=\"panel-247-0-4-0\" class=\"so-panel widget widget_sow-image panel-first-child\" data-index=\"8\" ><div\n\t\t\t\n\t\t\tclass=\"so-widget-sow-image so-widget-sow-image-default-9349dd33cac8-247\"\n\t\t\t\n\t\t>\n<div class=\"sow-image-container\">\n\t\t\t<a href=\"https:\/\/education-freinet-emancipation.org\/index.php\/priorite-a-la-vie-moments-vecus-en-classe\/che-sais-nacher\/\"\n\t\t\t\t\t>\n\t\t\t<img \n\tsrc=\"https:\/\/education-freinet-emancipation.org\/wp-content\/uploads\/2026\/02\/anecdote05bis.jpg\" width=\"360\" height=\"360\" srcset=\"https:\/\/education-freinet-emancipation.org\/wp-content\/uploads\/2026\/02\/anecdote05bis.jpg 360w, https:\/\/education-freinet-emancipation.org\/wp-content\/uploads\/2026\/02\/anecdote05bis-300x300.jpg 300w, https:\/\/education-freinet-emancipation.org\/wp-content\/uploads\/2026\/02\/anecdote05bis-150x150.jpg 150w\" sizes=\"(max-width: 360px) 100vw, 360px\" alt=\"\" \t\tclass=\"so-widget-image\"\/>\n\t\t\t<\/a><\/div>\n\n<\/div><\/div><div id=\"panel-247-0-4-1\" class=\"so-panel widget widget_sow-editor panel-last-child\" data-index=\"9\" ><div\n\t\t\t\n\t\t\tclass=\"so-widget-sow-editor so-widget-sow-editor-base\"\n\t\t\t\n\t\t>\n<div class=\"siteorigin-widget-tinymce textwidget\">\n\t<h5 style=\"text-align: center;\"><span style=\"color: #981be5;\">Che sais nacher<\/span><\/h5>\n<p>&nbsp;<\/p>\n<\/div>\n<\/div><\/div><\/div><\/div><\/div>","protected":false},"excerpt":{"rendered":"<p>Construire ensemble des savoirs en situation inattendue L&rsquo;accroche affective dans les apprentissages &nbsp; Un d\u00e9bat improvis\u00e9 &nbsp; Un escargot dans l&rsquo;oreille&nbsp;? &nbsp; Che sais nacher &nbsp;<\/p>","protected":false},"author":1,"featured_media":0,"parent":0,"menu_order":0,"comment_status":"closed","ping_status":"closed","template":"","meta":{"footnotes":""},"class_list":["post-247","page","type-page","status-publish","czr-hentry"],"_links":{"self":[{"href":"https:\/\/education-freinet-emancipation.org\/index.php\/wp-json\/wp\/v2\/pages\/247","targetHints":{"allow":["GET"]}}],"collection":[{"href":"https:\/\/education-freinet-emancipation.org\/index.php\/wp-json\/wp\/v2\/pages"}],"about":[{"href":"https:\/\/education-freinet-emancipation.org\/index.php\/wp-json\/wp\/v2\/types\/page"}],"author":[{"embeddable":true,"href":"https:\/\/education-freinet-emancipation.org\/index.php\/wp-json\/wp\/v2\/users\/1"}],"replies":[{"embeddable":true,"href":"https:\/\/education-freinet-emancipation.org\/index.php\/wp-json\/wp\/v2\/comments?post=247"}],"version-history":[{"count":33,"href":"https:\/\/education-freinet-emancipation.org\/index.php\/wp-json\/wp\/v2\/pages\/247\/revisions"}],"predecessor-version":[{"id":399,"href":"https:\/\/education-freinet-emancipation.org\/index.php\/wp-json\/wp\/v2\/pages\/247\/revisions\/399"}],"wp:attachment":[{"href":"https:\/\/education-freinet-emancipation.org\/index.php\/wp-json\/wp\/v2\/media?parent=247"}],"curies":[{"name":"wp","href":"https:\/\/api.w.org\/{rel}","templated":true}]}}